3*o - s. Let h(j) = 4*j**2 + j + 5 - 4*j - 1069*j**3 + 1068*j**3. Give h(i).
-7
Let x(f) be the first derivative of -f**4/4 + 4*f**3/3 - f**2/2 - f + 189. Let l = 1 + 2. Determine x(l).
5
Let v be (0 - 0) + 0 + 0. Suppose 2*o + r + 19 = 0, v*o - r - 12 = o. Let t(q) = -28*q + 20*q - 5 - 102*q**2 + 101*q**2 - 3. Calculate t(o).
-1
Let n(d) = 27 - 19 + 0*d + 0*d - 9 - 13*d**2. Calculate n(-1).
-14
Let q(h) = -h**3 + 12*h**2 - 12*h + 8. Let s(g) = -g**3 + 3*g**2 + 4*g - 1. Suppose -3*f + 9 = -0*f. Let k be s(f). Give q(k).
-3
Suppose -2*u + 2*r = 16, 3*u + r = 2*u - 4. Let p(t) be the third derivative of -t**5/60 - 7*t**4/24 - 7*t**3/6 + 4*t**2 - 52*t. Give p(u).
-1
Let z(g) = -g**2 + 4*g - 1. Let q(d) = d - 3. Let f be q(5). Suppose 4*v + 5*h = 21, 2*v + 3*h - 9 = f. Calculate z(v).
-1
Let j(x) = 4*x**2 + 8*x + 2. Suppose -2*m + 4*y - 4 = 0, -7*m - 3*y = -2*m - 42. Let a(w) = -5*w**2 - 8*w - 3. Let r(o) = m*j(o) + 5*a(o). What is r(5)?
12
Let q = -4 - -6. Let i(k) = -8*k**q - k**3 - 2 + 3*k**2 + 5*k + 1. Let o = 191 - 197. Determine i(o).
5
Suppose 4*s + 3*l + 42 = 5*l, -l + 1 = 0. Let m = -3 - s. Let d(c) = -3*c**2 + 8*c - 7 + 2*c**2 + 4. Determine d(m).
4
Let q(t) = -t**3 + 4*t**2 + 2*t. Let x be 5/(25/(-6))*20/(-6). Give q(x).
8
Let b(n) = n**3 + 2*n**2 - 3*n + 3. Let r be b(-3). Let l(u) be the first derivative of u**2/2 - 2*u + 260. Determine l(r).
1
Let y be 9 + (-16)/4 + -3. Let w(r) = -2 + 3*r**y - 7*r**2 + 3 + 0 - r**3. Let i = -11 - -7. Give w(i).
1
Let y(d) = 51*d - 97*d + 1 + 54*d. Let p = -1 + 3. Calculate y(p).
17
Let h(r) = 7*r**2 - r - 1. Suppose -3*s + 51 = 3*v, 0 = 4*v + s + 2*s - 67. Suppose 0 = -v*q + 13*q - 3. Calculate h(q).
7
Let s(b) = -7 - b**3 - 4*b**2 + 2*b + 0*b**3 - b**2. Let w = 16478 - 16483. Give s(w).
-17
Let a(y) be the second derivative of 0 + 1/12*y**4 + 5*y + 0*y**3 - 1/2*y**2. Let l(u) = u**2 + 5*u - 2. Let i(z) = 2*a(z) - l(z). Calculate i(5).
0
Let w(r) = -2*r**2 + 6*r + 12. Let h(c) = 3*c**2 - 5*c - 12. Let f(y) = -3*h(y) - 4*w(y). What is f(-8)?
-4
Let r(o) = -29*o + 18. Let y(f) = 65*f - 42. Let v(x) = 9*r(x) + 4*y(x). Let n = 26 + -17. Determine v(n).
-15
Let k(b) = b**3 + 5*b**2 + 6*b. Let i = -12 - -6. Let a be 2/5 - i/(-15). Suppose 4*x - 20 = r - 0*x, 3*x - 12 = a. What is k(r)?
-8
Let j(k) = 26*k**2 - 4 + 3 + 3*k + 2 - 27*k**2 - 4*k. Give j(3).
-11
Let z = -14 - -17. Suppose -5*j - 2 = -z*j. Let w(u) be the third derivative of -u**6/30 - u**5/30 - u**4/12 - u**3/6 - 2*u**2. What is w(j)?
3
Let i(v) = 3*v**3 - 2*v**2 - 4 + 2*v + v**2 - 4*v**3 + 1. Determine i(2).
-11
Suppose -7*g + 95 = -66. Let i = -8 + g. Suppose -2*d + i = -5*d. Let m(b) = b**2 + 5*b + 2. Determine m(d).
2
Let i(m) = 17*m**2 + m. Let h be i(1). Suppose k + 2*k = h. Let n = 0 + k. Let y(u) = -2*u + 8. What is y(n)?
-4
Let n(h) = h - 4. Let r(z) = -z - 1. Let x(a) = a**2 - 10*a - 6. Let m be x(10). Let o be r(m). Determine n(o).
1
Let w(x) = x**3 - 6*x**2 - 2*x + 4. Suppose -12*g = -689 + 629. Determine w(g).
-31
Let m(u) = -u**2 + 3*u + 16. Suppose 0 = -p - 3, 2*c + 7 = -6*p + p. Give m(c).
12
Let k be (-2)/(-3)*7/((-28)/(-30)). Suppose 0 = c + i + k, -2*c - 2*c + 2*i - 14 = 0. Let r(m) = -2 - 5*m + 3*m**2 + 2*m**3 + 1 - m**3. Calculate r(c).
3
Suppose 43 = 3*s - 2*z - 3*z, 0 = 2*s + 5*z + 13. Let p(l) = l**2 - 2*l. Give p(s).
24
Let p(u) = -u**3 + 8*u**2 - 9*u + 9. Let h = 61 + -59. Suppose 5*k + h = -3*w, -7 = -2*w + 3*k + 17. Determine p(w).
27
Let p(n) = 5*n + 1. Let m be p(1). Let h = m - -3. Let x(q) = 1 + 5*q**2 - 10*q**2 + h*q**2. Give x(-1).
5
Let x(c) = -4*c**3 + 1. Let a = 284 - 283. Calculate x(a).
-3
Suppose -4*j + 269 = -103. Let l = j - 97. Let y(a) = 2*a - 3. Calculate y(l).
-11
Let u(p) = -29*p. Suppose -9 = 7*r - 2. Determine u(r).
29
Suppose 4 = 2*r, -3*r = 4*t - 8*r - 34. Suppose -4*o = m - 2*m + 11, -o = -3*m - t. Let l(j) = -j**3 - 5*j**2 + j + 4. Calculate l(o).
-16
Let a(s) = -3*s**3 + 6*s**2 - 6*s - 1. Let n(u) be the first derivative of -u**4/4 - u - 11. Let g(z) = a(z) - 2*n(z). Give g(4).
9
Let y(a) = 3*a - 1. Let c(p) = -8*p + 3. Let m(b) = -c(b) - 2*y(b). Determine m(-1).
-3
Let a(f) = 2*f + 1. Let p(o) = -13*o - 7. Let q(b) = -6*a(b) - p(b). Suppose -7 = -d - 4*t + 7, 0 = -3*d + 4*t - 22. Give q(d).
-1
Let m(u) = u**3 + 11*u**2 + 19*u + 6. Let z be m(-9). Let q(l) = l - 7 + 0 + 9 + 2. Determine q(z).
1
Suppose 4*s = 3*q - 119, 33 + 43 = -2*s - 4*q. Let l be (-2)/7 - 666/21. Let h = s - l. Let a(d) = -d - 1. What is a(h)?
-1
Let u = 2 - -1. Let b(s) be the third derivative of 11*s**5/60 + s**4/12 + s**3 - 15*s**2. Let g(n) = 7*n**2 + n + 4. Let j(z) = 5*b(z) - 8*g(z). Give j(u).
-5
Let o(m) be the second derivative of -4*m**3/3 + 3*m**2/2 - 216*m - 1. Calculate o(5).
-37
Let h(x) = -3 + 3*x - 5*x + 6. Suppose -2*r + 3*q + 13 = 2, 6 = 2*r + 2*q. What is h(r)?
-5
Let z(x) = -x - 6. Let c be z(-11). Suppose -r - 4*r + 26 = y, -r = -c*y. Let f(o) = y + 20*o - 9*o - 12*o. Give f(-5).
6
Let s(n) = -n**2 + 2*n + 3. Let h(o) = -4*o - 1. Let t be h(2). Let b be 4*5*9/t. Let p be ((-32)/b)/(2/5). Determine s(p).
-5
Let r(w) be the first derivative of -w**2 + 6*w + 21. Calculate r(7).
-8
Let f(x) be the second derivative of x**4/12 - 2*x**3/3 + 5*x**2/2 - 6*x. Let t be ((-5)/(-4))/((-1)/(-4)). Let p = 9 - t. Give f(p).
5
Let y be 100/500 - (-4)/5. Let f(j) = -1 - 2*j - j + j. What is f(y)?
-3
Let c = 10 + -22. Let b be (-2)/5 + c/(-5). Let v(t) = 7*t**2 + b - t + 2*t - 2*t - t**3. Determine v(7).
-5
Let u(f) be the second derivative of 31*f**4/12 + f**2/2 - 62*f. Determine u(1).
32
Let l(j) = -2*j + 11. Let t = 84 + -63. Suppose 3*c - t = -4*z, 0*c + c = -4*z - 1. Calculate l(c).
-11
Let b(a) = a**3 - 2*a**2. Let y be b(1). Let g(l) = -23*l + 21. Let j(i) = 25*i - 25. Let f(u) = 6*g(u) + 5*j(u). What is f(y)?
14
Suppose -2*b - 2 = 3*j - 10, -12 = -4*j - 4*b. Let u(y) = 3*y - j*y + 0*y + 1. Let w(n) = 16*n + 91. Let r be w(-6). What is u(r)?
-4
Let r(q) = -7*q**3 - 17*q**2 + 13*q + 9. Let l(j) = -20*j**3 - 50*j**2 + 39*j + 26. Let i(w) = -6*l(w) + 17*r(w). Determine i(-12).
9
Let v(g) = -7*g**3 + 2*g**2 - 1. Let n be v(-1). Suppose 2*w - 11 = s, -3*s - 1 = n. Let q(b) = b**2 - 5*b + 2. Calculate q(w).
-2
Let m(g) = g**3 - 11*g**2 - 9*g - 16. Let q be m(12). Suppose q = -4*r, 0*r + r = 5*p - 35. Let k be (4/6)/(p/9). Let b(y) = y - 1. Determine b(k).
0
Let m(p) = p**2 - 2*p - 5. Let u = -95 - -99. Determine m(u).
3
Let o(s) = -s**3 - 8*s**2 - 2*s + 5. Let y be (-1)/(-1 - (-20)/16) - -4. Suppose -7*w - 26 - 30 = y. Give o(w).
21
Suppose 1 = -4*z + 29. Suppose -z*p + 6 = -4*p. Let r(g) = 2*g**2 - g - 2. Determine r(p).
4
Let m(h) be the second derivative of h**4/12 + h**2/2 - h. Suppose -3*k + 8*k = 4*x + 17, 0 = -5*k + 3*x + 19. Suppose 2*n - 3 = -k. What is m(n)?
2
Let b(j) = 2*j + 6. Let y(u) = 53*u**2. Let p be y(1). Suppose -10 = 3*o - 2*k, -13 + p = -4*o - 4*k. Calculate b(o).
-6
Let m be (-4)/(-10) - 33/(-5). Let s(r) be the first derivative of -r**3/3 + 9*r**2/2 + 7*r - 413. Calculate s(m).
21
Let c(v) = 15*v**2 - 1. Let x(p) = -2*p - 12. Suppose 11*w = 15*w + 28. Let b be x(w). Let k = b - 3. Give c(k).
14
Let m(b) be the first derivative of 1/60*b**5 - 1/12*b**4 + 0*b + 1/6*b**3 + 3/2*b**2 + 1. Let d(c) be the second derivative of m(c). Give d(2).
1
Let l(y) = -3*y + 13. Let g(h) = -10*h + 36. Let j(d) = -4*g(d) + 11*l(d). Give j(-4).
-29
Let z(a) = 3*a - 1. Suppose 0 = 8*f - 25 + 1. Suppose -3*h = -2*q - 22, q - f*q = 10. Determine z(h).
11
Let d(j) be the second derivative of j**6/120 + j**5/20 + j**4/24 + 2*j**3/3 - 43*j**2/2 + j + 34. Let i(y) be the first derivative of d(y). What is i(-3)?
1
Let w(x) = x**3 + 12*x**2 + 16*x + 16. Let a(b) = -2*b**3 - 21*b**2 - 31*b - 31. Let g(q) = -2*a(q) - 5*w(q). Calculate g(-17).
-1
Let i(q) = -4*q + 1. Let w be (7/(-1) - -3) + 129. Suppose 20*f = 15*f + w. Let j = f + -26. Determine i(j).
5
Let y = -145 + 147. Let d(v) be the second derivative of 5/2*v**y + 4*v + 0 - 1/6*v**3. What is d(-6)?
11
Let w(h) = -8*h - 1. Let q(c) = -c**2 + 4*c + 6. Let g be q(6). Let b(k) = -14*k + 6*k + 1 + 9*k. Let o(t) = g*b(t) - w(t). Calculate o(6).
7
Let g(m) = 5*m + 8 - 2 - 117*m**2 + 3*m + 59*m**2 + 55*m**2. Determine g(4).
-10
Let y(j) = -15*j**2 - 9*j - 17. Let w(h) = 1